r + 24. Suppose -6*m = -2*m + 8. Let c = r + m. What is p(c)?
1
Let o(p) be the second derivative of p**5/20 - 7*p**4/12 - p**3/3 + 4*p**2 - 53*p. Let z be (28/(-8))/(1/(-2)). Determine o(z).
-6
Let s(a) = -6*a**3 + a + 1. Let g = 60 - 100. Let m be 48/g - 1/(-5). Determine s(m).
6
Let g = -20 + 28. Suppose -j + g + 16 = 0. Let t be -6*(2 - j/9). Let k(p) = p**2 - 2*p - 4. Determine k(t).
4
Let h(o) = -4*o**2 + 7*o - 7. Let z(j) = j**2 - j + 1. Let s(p) = -h(p) - 3*z(p). Suppose 26 - 5 = 7*c. What is s(c)?
1
Let v(g) = -16 + 61 - 20 - 13 - 13 - 20*g. Calculate v(-1).
19
Suppose -t = t - 120. Suppose 9 = 3*b - t. Let j be (-2)/8 - b/4. Let u(c) = -c**3 - 6*c**2 - 2*c - 9. Determine u(j).
3
Suppose 0 = -c + 5*c - 20. Suppose 5*i = 4*n - 24, 4*n + n + 2*i = 30. Let m(d) = -n*d**2 - 6*d**2 + 7 + 2*d + 18*d**2 - 7*d**2. Determine m(c).
-8
Suppose m = 5*m + 7*m. Suppose 5*p - 20 = -5*v, m = 3*v - p - 8 - 0. Let z(q) = -5*q + 2. What is z(v)?
-13
Let a = 275 + -281. Let d(p) = -p**3 - 5*p**2 + 7*p + 8. Determine d(a).
2
Let n(m) be the third derivative of -5*m**5/12 + m**4/24 - m**3/6 + 26*m**2. Calculate n(1).
-25
Let w(t) = 7 - 22*t + 96*t - 22*t - 21*t - 30*t. Give w(-10).
-3
Let c(o) = -2*o**2 - o + 4. Let b(n) = -2*n**2 - 2*n + 5. Let z(h) = -4*b(h) + 5*c(h). Calculate z(2).
-2
Let z(u) be the first derivative of u**4/4 + 8*u**3/3 + 3*u**2 - 17*u - 434. What is z(-7)?
-10
Suppose 3 = u - 1. Let c(k) = 16 + u*k**3 - 60*k - 3*k**3 + 61*k - k**2. Determine c(0).
16
Let p(o) = -o**2. Let z(a) = -a**3 - 10*a**2 + 7*a + 7. Let m(y) = 5*p(y) - z(y). Suppose 6*j + 8*j - 294 = 0. Let q = j - 27. Determine m(q).
-1
Let u(y) = -151*y + y**3 + 2*y**2 + 11*y**2 + 150*y - 13. Determine u(-13).
0
Let s(r) = -r - 1. Let x(g) = -3*g + 108. Let q be x(35). Calculate s(q).
-4
Let i(x) = -x**2 - 11*x - 23. Let q be i(-7). Suppose -n + q*h = 3*n - 12, 0 = -3*n - 3*h - 18. Let d(p) = p**2 - 2*p. Give d(n).
8
Let r(p) be the second derivative of 3*p**2 - 5/6*p**3 - 1/12*p**4 - 5*p + 0. Let m(z) = -4*z - 63. Let a be m(-14). Determine r(a).
-8
Let h(m) be the second derivative of 0 + 11/2*m**2 + 0*m**3 - 11*m - 1/12*m**4. Determine h(0).
11
Let n be (3 - 0/(-3)) + -4. Let c = n - 5. Let x(p) = 14*p**2 - 14*p**2 + 8*p + 6 + p**2. Calculate x(c).
-6
Let f(z) = z**3 + 6*z**2 + 3*z - 4. Suppose 2*t + 0 = -16. Let j be -3*(t/6 - -3). Determine f(j).
6
Suppose 8*a - 36 = 4*a. Let c = 7 + -4. Suppose 2*g - c*g + 2*m = 9, a = -3*g - 3*m. Let y(h) = h**3 + 4*h**2 - 4*h + 4. Determine y(g).
-1
Let w(p) = -5*p + 30. Suppose 3*k - 17 = -g - 0, -4*k = -g - 32. Let j be w(k). Let u(f) = -2*f - 5. What is u(j)?
5
Let m(f) = f**2 - 2*f - 4. Let r be m(4). Let c(s) = 9 + r*s + 0*s - 5*s + 0. Determine c(0).
9
Let w(s) be the third derivative of s**5/60 - s**4/8 + s**3/6 - 444*s**2. Calculate w(2).
-1
Let p(a) = -a**2 + 6*a + 12. Let v(y) = -2 - 1 + 0 + 4. Let h(l) = -p(l) + 6*v(l). What is h(6)?
-6
Let c be (-25)/3 + 4/(-6). Let z(u) be the second derivative of u**5/20 + 2*u**4/3 - 3*u**3/2 + u**2 + 2245*u. Calculate z(c).
2
Let t(h) = -4*h - 12. Let o be t(-3). Suppose 36 = -o*i - 4*i. Let z(a) = -a**3 - 9*a**2 - a - 3. What is z(i)?
6
Let q(m) be the third derivative of 1/360*m**6 + 0 + 13*m**2 + 1/8*m**4 + 0*m - 1/2*m**3 - 1/120*m**5. Let i(w) be the first derivative of q(w). Give i(3).
9
Let b(o) be the first derivative of -4*o**2 + o + 20. What is b(-2)?
17
Let u(x) = x**2 + 4*x - 16. Let m(z) = -z**3 + 18*z**2 - 21*z + 61. Let s be m(17). What is u(s)?
5
Let g = 7809 + -5136. Suppose 0 = w + 3, -g = -5*d - 4*w + 240. Let m be 6/14 - d/91. Let x(p) = p**2 + 6*p - 3. Determine x(m).
-3
Let d(f) be the third derivative of -f**5/60 - 3*f**4/8 - 4*f**3/3 - 88*f**2. Determine d(-8).
0
Let l(o) = o - 2. Suppose 64 = 9*n + 10. Determine l(n).
4
Let d(r) = -3*r**2 - 2 + 2*r + 10*r**3 + 5*r**2 - 11*r**3 + r. Let u(y) = 2*y + 16. Let v be u(-7). Determine d(v).
4
Let z(l) = l + 16. Let j be 0*(6/(-6))/(-2). Determine z(j).
16
Let m = 4 - 1. Let n = m + 12. Suppose -8*d - n = -3*d. Let p(g) = -g**2 - 3*g + 2. Determine p(d).
2
Let h(t) = -t**2 + 7*t + 13. Let w be h(8). Suppose -3*d + w*n = 2 + 1, -3*n - 7 = -4*d. Let x(b) = b**3 - 5*b**2 + 6*b - 1. Calculate x(d).
7
Let m(u) be the third derivative of u**4/24 - 4*u**2. Let s = -60 - -60. Suppose 5*c - 5 - 25 = s. What is m(c)?
6
Let d(s) = -s**3 - 14*s**2 + 12*s + 5. Let c(f) = -f**3 - 15*f**2 + 12*f + 5. Let u(n) = 3*c(n) - 4*d(n). Give u(-12).
-5
Let r(t) = t - 16. Let m be r(17). Let s be 1*-5*m*(-1 + 2). Let z(l) = -2*l - 6. Give z(s).
4
Let h(d) = -d**3 - 7*d**2 - 1. Let l = 33 - 40. What is h(l)?
-1
Let y(c) = -43*c**3 - c - 1. Suppose 0 = -685*f + 695*f + 10. What is y(f)?
43
Let s(o) = -o + 2. Suppose -4*r - r - 20 = 0. Let w be r/(-18) - 48/(-27). Let b = 4 - w. Give s(b).
0
Let q(c) be the first derivative of 3*c**2 + 3*c - 15. Give q(2).
15
Let z(h) = 3 + h**3 + 3*h - 5 - 4*h**2 - 3. Give z(4).
7
Suppose -9 = 2*m - 7. Let i(w) = -18*w**2 + w. Determine i(m).
-19
Let t be -1 + (-6)/((-8)/4). Let w = -2 + t. Suppose n = -z + 2*z + 4, w = z - 5*n. Let j(a) = -a**2 - 6*a - 3. What is j(z)?
2
Let p(s) = -5 - 5 + 13 - 6 - s. Give p(-6).
3
Let y = -11 - 3. Let b(f) = f**2 + 11*f + 6. Let h be b(-9). Let n = y - h. Let q(w) = -w**2 + 2*w + 3. What is q(n)?
-5
Let u = 522 + -519. Let w(k) = -3*k**3 + k**2 - 7*k - 8. Let s(h) = -2*h**3 + h**2 - 4*h - 4. Let n(f) = 5*s(f) - 3*w(f). Give n(u).
-2
Let q(j) = j + 12. Let o be q(-8). Let z(b) = -1 + o*b - b + 5. Let d(m) = 33*m - 201. Let r be d(6). Calculate z(r).
-5
Let p(l) be the third derivative of -l**4/24 + 12*l**3 - 59*l**2 + 4*l. What is p(0)?
72
Let b(f) = f**3 + 2*f**2 - 1. Let g(z) = 4*z**2 + 22*z + 11. Let u be g(-6). Suppose 3*l + 29 = u. Calculate b(l).
-1
Let r(d) = -d**2 - 5. Let y be r(0). Let k(n) be the first derivative of n**4/4 + 2*n**3 + 3*n**2 + 5*n + 4. Give k(y).
0
Let v(d) = d**2 + 8*d + 7. Let j(h) = 11*h - 39. Let b be j(3). What is v(b)?
-5
Let b(k) = -10*k - 5*k**3 + 7 + k + 4*k**2 + 6*k**3 + 3*k. Suppose 14 = -4*o - 2*z, 8 + 22 = -3*o + 5*z. Determine b(o).
12
Let t be 3/12 + (-15)/(-4). Suppose 11 - 39 = -t*c. Let f(j) = -19*j**2 + 21*j + 12. Let u(y) = -12*y**2 + 14*y + 8. Let k(z) = 5*f(z) - 8*u(z). Calculate k(c).
-4
Suppose 12*w - 12 = 14*w + 2*z, -22 = w + 5*z. Let d(c) = 4*c**2 + 9*c - 1. Determine d(w).
-3
Let p(v) = -v**3 + 5*v**2 + 5*v + 6. Suppose 5*h = 2*f + 22, 2*h + 8 = -33*f + 38*f. What is p(h)?
0
Let t = 128 + -74. Let z(w) = -55*w**3 + t*w**3 - 2*w**2 + 2 + w**2 + 2*w. Determine z(-2).
2
Let p(c) = c**3 - 149*c**2 + 2 + 4 + 2*c + 155*c**2 + 0*c. Give p(-6).
-6
Let t be ((-5)/10)/(2/(-8)). Let p(u) = -3 - 1 + t + u - 6. Calculate p(5).
-3
Let a(t) = -t**2 + 24*t - 22. Let y = 803 + -780. Give a(y).
1
Let l(s) = -s + 7. Let z(o) = 6*o - 34. Let j(q) = 11*l(q) + 2*z(q). Suppose 2*b - 36 = 5*b. Let h be (-4)/(b/9) + -3. Determine j(h).
9
Let q(w) be the third derivative of -w**4/24 - w**3/6 - w**2. Let d(v) = 8*v**2 + 4*v + 3*v - 10 - 7*v**2 - 3*v. Let y be d(-5). What is q(y)?
4
Let u(f) be the second derivative of f**5/20 + 53*f**2/2 + 202*f. Give u(0).
53
Let i(t) = -t**2 - 13*t - 12. Suppose -27*z - 130 = 221. Give i(z).
-12
Let m be ((-12)/18)/((-2)/3). Let o be (-2)/2*-1 + m. Let a(t) be the second derivative of -t**4/3 + t**3/2 - t**2 - 2*t. Calculate a(o).
-12
Let i(r) = -r**2 - 6*r + 8. Let d(u) = -6*u**3 - u**2 + 1. Let f be 3/(-2)*4/(-6)*1. Let w be d(f). What is i(w)?
8
Let u(r) be the first derivative of -2*r**2 - 10*r - 196. Give u(-6).
14
Let g(a) = a**3 + 23*a**2 - 50*a + 5. Let s be g(-25). Let d(y) = -3*y**2 + 16*y + 1. What is d(s)?
6
Let l be (-7)/((-28)/(-8)) - -12. Suppose -2*i - l = 0, 0*i - 20 = h + 5*i. Let v = -4 + h. Let n(x) = -3*x. What is n(v)?
-3
Let j(k) = -7*k + 5. Let m be (-2)/(-3)*8 - (-15)/(-45). What is j(m)?
-30
Suppose 3*k + 9 = -6. Let g(j) = -3*j. Let v be g(0). Let w(y) = 6*y**2 + y**3 + 11 + v*y - 9 + 7*y. Calculate w(k).
-8
Suppose 0 = -9*c - 42 + 6. Let p(u) = u**3 + 3*u**2 - u - 5. Determine p(c).
-17
Suppose -2 = 4*l - 34. Let x(h) = 10 - 20 + 2*h + l + 2*h. Give x(2).
6
Let r(c) = -8 + 7*c**3 - 8*c**3 + 4*c + 0*c**3 - 1 - 5*c**2. Let v(g) = -g**3 - 4*g**2 + 3*g - 8. Let l(x) = -3*r(x) + 2*v(x). W